ite number?
True
Let m(w) = -4 - 3*w + 3 - w**2 + 2*w. Let c(l) = 154*l**2 + 6*l + 7. Let q(d) = c(d) + 6*m(d). Is q(-1) composite?
False
Suppose -4*w - 4*b = -6*w - 4, -3*b = 3*w - 12. Suppose -w*l = -x + 4*x - 2657, 10 = -2*l. Is x prime?
False
Suppose 134*b + 589905 = 179*b. Is b composite?
False
Let w = 22 - 13. Let i be (-4)/6 - (-6)/w. Suppose -2*c + 5*y = -0*c - 124, -4*c + 2*y + 264 = i. Is c composite?
False
Suppose 11*f = 13*f + 8, 0 = h - 3*f - 1483. Is h a prime number?
True
Let m = -437 + 558. Is m a composite number?
True
Suppose 2 + 14 = 4*r. Suppose -r*d = 289 - 1005. Is d composite?
False
Suppose 4*b - 3*b - 14 = 3*q, 2*q - 4*b - 4 = 0. Is (-3)/((-36)/(-8)) + (-1414)/q composite?
True
Let c(z) = -524*z**3 + 2*z**2 + 2*z + 5. Is c(-2) a composite number?
False
Suppose -3*u + 9*l - 8*l = -17430, -2*l + 29039 = 5*u. Is u a composite number?
True
Let c(p) = 38*p + 104. Is c(9) prime?
False
Let h = 22 + -22. Suppose 6*i + i - 889 = h. Is i composite?
False
Let o be (-3 + 33/12)*4. Let p be o/1 - (-2 + 81). Let b = 207 + p. Is b composite?
False
Let z(t) = -t**2 - 12*t + 29. Let w be z(-12). Suppose 0 = -2*u - 0*u - 8. Let d = w - u. Is d composite?
True
Let v = -21722 + 34383. Is v a composite number?
True
Let d = 84 + -28. Suppose -5*m = 5*c - 70, -3*m + d - 1 = 4*c. Is c a composite number?
False
Let n = 83 + -83. Let g(b) = -b**3 - 2*b**2 + 8819. Is g(n) prime?
True
Let q = 3 - -9. Suppose q*r - 8*r = 2564. Is r prime?
True
Let x = -113 + 118. Suppose -6*a + 40117 = x*a. Is a a composite number?
True
Suppose 19228 - 119266 = -2*n + b, 0 = -4*n - 2*b + 200076. Is n composite?
True
Suppose -4*m = b - 4687 - 3372, 2*b - 5*m - 16053 = 0. Is b composite?
False
Suppose -2*p + 6 + 0 = 0. Suppose 4 = -4*s + 5*s + 2*h, 3*s - 3*h - p = 0. Is (-4)/(8/(-521))*s prime?
True
Suppose 4*c - 2 = 3*c. Is 274 + c/(2/3) a prime number?
True
Suppose 11 = -4*q - 5. Let y(a) = 21*a**2 + 5*a - 9. Is y(q) composite?
False
Suppose 8*n - 24228 = -n. Let l = -1725 + n. Is l a prime number?
True
Suppose -28 = 4*k + 5*i, -90 = 5*k - 3*i - 18. Let j = k - -29. Is (j - 1)/2 + -2 a prime number?
False
Let z be 5/((-25)/(-3))*5. Suppose -2*u - 173 = -3*u - z*j, 0 = -3*u + 4*j + 454. Suppose 4*b = -u + 754. Is b a composite number?
False
Suppose 16*l - 96752 = 68256. Is l prime?
True
Let n(l) = 2*l**3 - 9*l**2 - 2*l + 4. Let p be n(-6). Let i = 953 - p. Is i composite?
False
Let n = 18430 + -4781. Is n a composite number?
False
Let o be (4 + 4)/((-2)/(-54)). Suppose -2*p = -0*i - i + o, i = 3*p + 215. Suppose -f + 2*z = -53, 3*f + f - 2*z - i = 0. Is f a composite number?
True
Let f(c) = 3637*c - 45. Is f(4) a composite number?
False
Let y = 812 - 573. Let z = y - -228. Is z prime?
True
Let u(v) be the third derivative of 0 - 10*v**2 - 1/2*v**3 + 0*v + 1/6*v**4 + 3/10*v**5. Is u(-8) prime?
True
Let h = 70 - 73. Let a(u) = 68*u**2 + 9*u + 26. Is a(h) a composite number?
True
Suppose 293883 = -108*c + 1501215. Is c a prime number?
False
Let f(b) = 2*b + 3. Let m be f(-2). Let l(y) = -30*y. Let k be l(m). Is 58/3*k/4 a composite number?
True
Let z(j) = 4*j**2 - 9*j + 5. Let u be z(2). Is 2 - (-4 - (182 + u)) a composite number?
False
Suppose 6*n - 3012 = 3*n. Suppose -4132 = -3*z + n. Suppose -f = -4*a + 1704, 4*a - 3*f + 4*f - z = 0. Is a a prime number?
False
Suppose -3409 = -63*i + 56*i. Is i prime?
True
Suppose y + 2*y + 192 = 0. Let b = y - -109. Suppose 5*x - 350 - b = 0. Is x prime?
True
Suppose 4*g + 131466 = 6*k, 7*k - 21911 = 6*k + 5*g. Is k prime?
True
Let p be (-1)/(-2) - 7165/(-10). Suppose 3*i - u + 0*u - p = 0, 0 = 3*i + 5*u - 717. Is i prime?
True
Suppose 8*c = 106 - 10. Suppose -208 = -c*g + 20. Is g composite?
False
Let a(i) = 1233*i - 30. Is a(3) composite?
True
Let v = -72 + 74. Suppose 0 = -5*m - 5, -2*x + v*m + 1705 = -m. Is x a prime number?
False
Suppose 3*h - 983 - 5635 = 0. Suppose v = -2*z + 437, -3*z + 0*z + h = 5*v. Is v composite?
False
Is 2/7 + 3342131/91 + 6 prime?
False
Suppose -3*r = -4*n + 12, 5*n = -4*r + 7 + 8. Let l be (4/3)/(3/9). Suppose r = -4*c + 4*m + 136, -l*c - m - 166 = -9*c. Is c composite?
True
Let c be (3 - -1)/8 - 38/(-4). Suppose -c*y = -3630 + 80. Is y a prime number?
False
Suppose -4*g = -7*g - c + 49, 2*g - 5*c = 27. Is ((-4)/6)/((g/309)/(-8)) prime?
True
Let g(t) = 9*t + 38. Let d be g(-5). Is (799 - 4) + (-3 - d) a composite number?
True
Suppose -3 - 10 = -2*r - w, -17 = -2*r - 5*w. Suppose -2*i = -5*n + 6065, r*n = 2*n - 4*i + 4852. Is n composite?
False
Let j be 12/(-21)*(-14)/2. Let a be 20/15 + j/6. Suppose -a*i = 0, s + 4*i = 2*i + 47. Is s a prime number?
True
Let j(k) = k**3 + 2*k**2 - 3*k + 4. Let u be j(-3). Let a be (6/u)/((-3)/(-4)). Suppose -249 = -h - a*h. Is h prime?
True
Suppose -8*a + 7*a = 77. Let d = a + 412. Is d composite?
True
Let p(v) = 124*v + 27. Suppose -r = 3*k + 1, 12 = 2*r - 0*r - k. Is p(r) prime?
True
Let f = 88 + -85. Is (-1 - 2)*(-68 - f) a prime number?
False
Suppose 0 = z - 2*z + 5*o, 3*z + 3*o = 18. Suppose -3*u = 3, z*g + 0*g + 3*u = 92. Let s = 6 + g. Is s prime?
False
Let t(k) = 56*k**2 + 4*k - 3. Is t(-4) a composite number?
False
Let m be (0 + -4)*(-84)/48. Suppose 711 = -4*s + m*s. Is s prime?
False
Suppose 2*a = u + 109347, -u + 109345 = 28*a - 26*a. Is a composite?
False
Is (-155419)/(-22) - (-6)/(-4) a prime number?
False
Let y = -1 - -1. Let x(f) = -f**2 - 42*f - 77. Let z be x(-40). Suppose -z*l + 10*l - 833 = y. Is l a composite number?
True
Let r(t) be the third derivative of t**4/2 + 2*t**3/3 + 2*t**2. Let s be r(3). Is s/4 + -1 + -2 a composite number?
False
Let p = -7088 + 10087. Is p composite?
False
Is 13418111/246 - 2/12 a composite number?
True
Suppose 0 = -4*d - 5*m + 7761, 22*d - 23*d - 5*m = -1944. Is d prime?
False
Suppose 3*w + 36 = 5*w. Let a = w - -19. Is a prime?
True
Let a = 23369 + -9273. Let g = a + -6855. Is g composite?
True
Let y be 0/((-12)/3)*-1. Suppose -5*p + p + 16 = y. Suppose 0 = -p*h + 236 + 104. Is h composite?
True
Let v(o) = o**3 + o**2 - 19*o + 10. Is v(5) composite?
True
Let m = -11 + 15. Suppose m*x - 3*x - 3 = 0. Is -1 + (3 - (x + -20)) prime?
True
Let j = -14 - -31. Suppose -3*h - 16 = j. Is (1397/h)/(0 - 1) a prime number?
True
Let b = -1483 - -3432. Is b prime?
True
Suppose 3*n = 2*n. Suppose n = -4*b - 167 + 1411. Suppose -4*a + b = -3*u, 3*a - 2*u - 236 = 3*u. Is a a prime number?
False
Suppose 4*b - 374 = l, 2*l + b = -687 - 61. Is (-3 - l)*(0 - -1) a prime number?
False
Let c(s) = s**3 + 8*s**2 - 8*s + 13. Let h be c(-9). Let n = h - 1. Suppose 0*l - n*l = 3*d - 153, 4*d + 126 = 2*l. Is l a composite number?
True
Suppose -217235 = -3*d + 4*p - 3262, 4*d + 3*p - 285314 = 0. Is d composite?
False
Let x be 16/(-32) - (-3995)/2. Suppose 1125 + x = 7*r. Is r prime?
False
Let h = 3279 + -1590. Is h a composite number?
True
Suppose 59 - 56 = m. Suppose 3*p = -2*h + 385, -4*h + m*h = -p + 125. Is p composite?
False
Suppose -39*g = 146586 - 709317. Is g composite?
True
Let s be (3 + -3)/(-2) - -119. Let m = s - 64. Is m a composite number?
True
Let m(w) = -2*w - 18. Let h be m(-9). Is -4 + (h - (-752 + -3)) prime?
True
Let o = 17638 + -9671. Is o a prime number?
False
Let d = -2297 - -4018. Is d a composite number?
False
Suppose 6 = 5*c - 44. Let r(w) = -w**2 + 10*w + 15. Is r(c) a prime number?
False
Suppose -14909 - 10781 = -14*w. Is w a composite number?
True
Is 6078 - 0 - (-37 + 33) a prime number?
False
Let b = -39 + 51. Let n be (1/((-3)/(-42)))/1. Suppose 0 = -n*h + b*h + 734. Is h a prime number?
True
Let q(y) = 15*y**2 + 24*y + 2. Let m be q(4). Let f = 26 - -571. Let b = f - m. Is b prime?
False
Let r(y) = 30*y**3 + y**2 - y - 1. Let j be r(1). Let z = 2 + j. Is z a composite number?
False
Suppose 0 = 5*m - 20, m + 4*m - 20 = 3*f. Suppose 3*a + f*a - 951 = 0. Is a composite?
False
Let t(h) = 2*h**3 + 63*h**2 - 2*h + 37. Is t(-22) a prime number?
True
Let a(w) = w**2 - 8*w + 31. Let o(s) = s**2 - 11*s - 24. Let b be o(12). Is a(b) a composite number?
False
Let l be 6/4*16/6. Suppose -358 = -l*p + 598. Is p a composite number?
False
Let o = 926 - -1503. Is o composite?
True
Suppose 4*p - 5*p + 8 = 0. Suppose 3*o - 5*o - x + 3236 = 0, 2*x + p = 0. Let d = o + -901. Is d a prime number?
True
Suppose 0 = 4*p - 2*d - 2854